 62 a factor of 1412907212?
True
Is 57784269 a multiple of 37?
True
Is 669045 a multiple of 39?
True
Does 12 divide 165213761?
False
Is 33 a factor of 191517391?
False
Does 278 divide 8687408?
False
Is 1977444736 a multiple of 211?
True
Is 1989380763 a multiple of 137?
False
Does 1822 divide 178876672?
True
Does 1129 divide 776825520?
False
Does 3 divide 155401113?
True
Does 270 divide 24240330?
True
Is 68 a factor of 364912548?
True
Is 613 a factor of 1660772673?
False
Does 544 divide 4134015?
False
Is 418 a factor of 16091746?
True
Is 2069 a factor of 70540438?
False
Is 54 a factor of 61090904?
False
Is 33305751 a multiple of 9?
True
Is 923 a factor of 180661247?
False
Is 94614511 a multiple of 1708?
False
Is 17 a factor of 60389831?
True
Is 107391673 a multiple of 468?
False
Is 1117598 a multiple of 706?
True
Is 191 a factor of 54429855?
False
Does 4896 divide 316952352?
True
Is 412 a factor of 335151288?
True
Does 7489 divide 125740310?
True
Is 3644 a factor of 490478756?
True
Does 738 divide 3920938650?
True
Does 1504 divide 5089536?
True
Is 103 a factor of 61174364?
False
Is 96 a factor of 105844512?
True
Does 5472 divide 1104211296?
True
Does 9 divide 706715109?
True
Is 23749314 a multiple of 21?
False
Is 267062364 a multiple of 12?
True
Is 34 a factor of 97977936?
True
Does 112 divide 49465447?
False
Does 130 divide 508115530?
True
Is 465 a factor of 5487733634?
False
Is 121 a factor of 441955041?
True
Is 49 a factor of 5291919?
False
Is 35605020 a multiple of 210?
False
Is 1105470103 a multiple of 9?
False
Is 56312075 a multiple of 299?
False
Does 110 divide 222620750?
True
Does 21 divide 4471467?
True
Is 77 a factor of 471870707?
True
Is 23 a factor of 575441051?
False
Is 65226038 a multiple of 2900?
False
Does 83 divide 81354688?
False
Is 10 a factor of 5315526779?
False
Is 317 a factor of 376534?
False
Is 149 a factor of 681228?
True
Does 28 divide 178471608?
True
Does 247 divide 31508802?
True
Does 21 divide 4218487851?
False
Is 388110528 a multiple of 2704?
True
Is 17217248 a multiple of 243?
False
Is 3575880468 a multiple of 4592?
False
Is 20 a factor of 12401260?
True
Does 14 divide 178490705?
False
Does 490 divide 26357100?
True
Is 455 a factor of 595693413?
False
Is 69 a factor of 31246443?
True
Is 180315328 a multiple of 106?
True
Is 47380870 a multiple of 170?
True
Is 577961585 a multiple of 76?
False
Is 134289120 a multiple of 816?
True
Is 106209882 a multiple of 177?
False
Does 23 divide 267924723?
True
Does 36 divide 22299356?
False
Is 124037754 a multiple of 491?
False
Is 51131420 a multiple of 42?
False
Is 6 a factor of 1368520504?
False
Is 360142012 a multiple of 45?
False
Does 473 divide 517540518?
True
Is 14184026 a multiple of 3?
False
Is 5 a factor of 898495977?
False
Is 886 a factor of 121013424?
True
Does 13 divide 13148200?
True
Does 188 divide 3732464953?
False
Is 6994605 a multiple of 2090?
False
Is 159 a factor of 63342940?
False
Is 63 a factor of 24972788?
False
Is 72 a factor of 11406168?
True
Is 17 a factor of 12180228?
True
Is 85646646 a multiple of 74?
False
Does 866 divide 1765125021?
False
Is 29 a factor of 461326983?
True
Is 1727 a factor of 45615251?
True
Is 449259005 a multiple of 762?
False
Is 30729598 a multiple of 12?
False
Is 787218380 a multiple of 52?
True
Is 14 a factor of 117793815?
False
Is 951 a factor of 18364877?
False
Is 28 a factor of 27819036?
True
Does 6082 divide 1358603242?
True
Is 144 a factor of 287550465?
False
Is 761 a factor of 7035445?
True
Is 398 a factor of 124369130?
False
Does 539 divide 8785573?
False
Does 53 divide 160838523?
False
Is 1385 a factor of 114075491?
False
Does 3 divide 55781232?
True
Is 4097575870 a multiple of 746?
False
Does 2754 divide 398735136?
True
Is 85319041 a multiple of 263?
True
Does 191 divide 65128084?
False
Does 409 divide 122115948?
True
Is 1796159527 a multiple of 124?
False
Is 2557192321 a multiple of 522?
False
Does 4000 divide 73921407?
False
Is 8067492 a multiple of 9?
True
Does 287 divide 1005943743?
False
Is 63 a factor of 1434873132?
True
Is 440 a factor of 19254840?
True
Does 62 divide 395658332?
True
Is 3481 a factor of 304764356?
False
Is 10052047 a multiple of 1791?
False
Does 411 divide 255759985?
False
Is 659 a factor of 1298057960?
False
Is 83 a factor of 19510395?
True
Does 381 divide 31306930?
False
Does 15 divide 242445?
True
Does 105 divide 386298465?
True
Is 1247873335 a multiple of 436?
False
Does 872 divide 138029752?
True
Is 185 a factor of 152724715?
True
Is 9127872 a multiple of 39?
True
Is 6440851 a multiple of 23?
True
Does 276 divide 37150428?
True
Does 110 divide 24891020?
True
Does 659 divide 1024582692?
False
Does 833 divide 518853209?
True
Is 129269481 a multiple of 33?
True
Is 985 a factor of 314708848?
False
Is 1131 a factor of 665066454?
True
Does 9 divide 42568091?
False
Does 8 divide 1229377592?
True
Is 245 a factor of 969657111?
False
Does 2245 divide 4635289316?
False
Is 70308000 a multiple of 100?
True
Does 5 divide 6267855?
True
Is 5 a factor of 3021436?
False
Does 30 divide 119680800?
True
Is 4 a factor of 3392964?
True
Does 29 divide 3080237384?
False
Does 41 divide 5709209?
True
Is 263 a factor of 29932714?
False
Is 25240256 a multiple of 4?
True
Is 5 a factor of 21877505?
True
Is 139010032 a multiple of 28?
True
Does 693 divide 99963864?
True
Does 371 divide 74663640?
False
Does 11 divide 135823447?
False
Does 155 divide 40978206?
False
Does 82 divide 2503743?
False
Is 5257 a factor of 477332720?
False
Does 554 divide 78959808?
False
Is 286796256 a multiple of 141?
True
Is 32 a factor of 956476960?
True
Is 60626346 a multiple of 22?
True
Is 1760943805 a multiple of 32?
False
Is 168 a factor of 668014368?
True
Is 153573420 a multiple of 2557?
True
Is 24 a factor of 41085867?
False
Does 12 divide 95873100?
True
Does 6 divide 35820630?
True
Is 284241807 a multiple of 573?
True
Is 5 a factor of 11908328?
False
Is 199626 a multiple of 5?
False
Does 790 divide 284874135?
False
Is 802 a factor of 45227988?
True
Does 14 divide 150663044?
True
Is 18402280 a multiple of 8?
True
Is 483198975 a multiple of 4579?
True
Does 83 divide 959188504?
True
Is 642 a factor of 7599996?
True
Is 555881 a multiple of 1479?
False
Is 47408314 a multiple of 15?
False
Is 12 a factor of 12368798?
False
Does 200 divide 272013145?
False
Is 822025728 a multiple of 2736?
True
Is 538 a factor of 17683522?
True
Is 557 a factor of 193278229?
False
Is 248741193 a multiple of 112?
False
Does 4260 divide 33315?
False
Is 5065 a factor of 1635861904?
False
Is 56436835 a multiple of 41?
False
Is 1679 a factor of 2117255938?
True
Does 162 divide 60439513?
False
Does 248 divide 32003160?
True
Is 39478278 a multiple of 2198?
True
Does 173 divide 56365476?
True
Is 901530837 a multiple of 146?
False
Does 89 divide 8437075?
False
Does 777 divide 1820937573?
True
Does 318 divide 33004266?
True
Does 83 divide 871448208?
True
Is 85 a factor of 113379800?
True
Is 27 a factor of 583038783?
True
Is 226605504 a multiple of 12?
True
Is 114 a factor of 1296637254?
True
Is 70997952 a multiple of 29?
False
Does 21 divide 52000242?
True
Does 33 divide 498186678?
True
Is 26101163 a multiple of 21?
False
Is 14 a factor of 1220107352?
False
Is 28790968 a multiple of 29?
True
Does 3 divide 66102308?
False
Does 343 divide 700155274?
False
Is 2703010104 a multiple of 5?
False
Does 52 divide 1229227968?
False
Is 101962566 a multiple of 17?
True
Is 144491295 a multiple of 39?
True
Is 281787240 a multiple of 17?
True
Is 208256 a multiple of 32?
True
Does 383 divide 5214848?
False
Is 1008700514 a multiple of 12?
False
Does 3 divide 3030408?
True
Is 3 a factor of 6225257?
False
Is 68 a factor of 1365319232?
True
Is 11 a factor of 111172237?
True
Is 3 a factor of 3833895?
True
Is 1004 a factor of 605669024?
True
Is 3 a factor of 19331431?
False
Does 36 divide 825162588?
True
Does 19 divide 110374846?
False
Does 10 divide 110416130?
True
Is 12876 a factor of 4693945800?
True
Is 7454876380 a multiple of 17?
True
Is 11 a factor of 133047046?
True
Does 35 divide 586391174?
False
Is 189968896 a multiple of 128?
True
Does 11 divide 24232417?
True
Is 87 a factor of 19105113?
True
Does 401 divide 14232693?
True
Is 597261492 a multiple of 250?
False
Is 33849313 a multiple o